n?
14
Let q be (3/(6/119))/((-2)/(-4)). What is the highest common divisor of 17 and q?
17
Let o(l) = l. Let f be o(7). Let c = -15 + 22. Calculate the highest common factor of f and c.
7
Suppose -4*s - 6 - 4 = n, 2*n - 4*s = 16. Let l be 249/13 + n/(-13). What is the highest common divisor of l and 19?
19
Let l(d) = -d**3 - 2*d**2 + 3*d. Let z be l(-5). Suppose 8*j = 3*j + z. Suppose -7*t + 2*t + 60 = 0. What is the highest common divisor of t and j?
12
Let c be (-1)/4 - 41/(-4). Let h = -57 + 167. What is the greatest common factor of h and c?
10
Let i(v) = v**3 + 26. Let l be i(0). Calculate the highest common divisor of l and 286.
26
Let g(f) = f - 33. Let s be g(42). Let k(t) = 3*t. Let b be k(3). What is the greatest common factor of b and s?
9
Let v(x) = -25*x - 1. Let i(h) = h**2 - 4*h + 2. Let g be i(3). Let o be v(g). Calculate the greatest common divisor of 16 and o.
8
Suppose -10*p + 13*p - 72 = 0. Calculate the greatest common factor of p and 60.
12
Let k(j) = 21*j + 1. Let h be k(1). Suppose -322 + 58 = -6*o. What is the greatest common factor of h and o?
22
Let c = 736 - 516. What is the highest common divisor of 20 and c?
20
Suppose -2*r + 55 = -6*c + c, 2*r - 57 = 3*c. What is the greatest common divisor of r and 10?
10
Suppose 4*m + 0 = -4. Let w be (m - 1) + 64/2. Let u = w - 2. What is the greatest common factor of u and 70?
14
Let u be 0 + -6 + -2 + 1. Let i = -4 - u. Suppose x + 24 = i*x. Calculate the highest common divisor of 18 and x.
6
Let a be -7*6/(-3)*1. Suppose a = -5*d + 74. Let c(p) = 11*p + 1. Let q be c(1). Calculate the highest common factor of d and q.
12
Let h = 217 - 87. Suppose 2*i = 5*a - h, -2*i - 9 + 75 = 2*a. Calculate the greatest common factor of 42 and a.
14
Let h(t) = -t**2 - 3*t + 4. Let z = -3 + 0. Let d be h(z). Suppose f + d*f - 236 = 4*m, -241 = -5*f - m. Calculate the greatest common factor of f and 16.
16
Let g be (-24)/(-14) - (-4)/14. Suppose -g*c = 2*r - 40, -c - 3*r - 2 = -32. Calculate the highest common divisor of 5 and c.
5
Let d(m) = 2*m**2 + 11*m + 23. Let x be d(-7). Calculate the greatest common divisor of 11 and x.
11
Let x be 1 - (-2 + 0) - 10. Let l = x + 5. Let h be (1 - 1) + (-144)/l. What is the greatest common factor of 12 and h?
12
Let n = 27 + -22. What is the greatest common factor of 2 and n?
1
Let h(m) = m**3 + 10*m**2 - 5*m - 2. Let r be h(-10). Calculate the greatest common factor of r and 32.
16
Suppose -w - 115 = -4*x, -3*x + 2*w - w + 86 = 0. Suppose -4*c + 3*d + x = -2*c, 4*d - 1 = -3*c. Calculate the highest common divisor of c and 28.
7
Let a(y) be the first derivative of 3*y**2/2 - 2. Let f be a(1). Let b be (f - -100) + -1 + 3. What is the highest common divisor of 15 and b?
15
Let n = -5 - -35. Suppose -3*z + 10 = 5*f, 4*f - f - 17 = -4*z. Suppose -10 = -z*q + n. What is the highest common factor of 64 and q?
8
Suppose -3*p + 4*o + 22 + 2 = 0, 4*p - 32 = o. Suppose 22 = -2*g - p. Let z be g/2*20/(-25). What is the greatest common divisor of z and 54?
6
Let c = 2373 - -229. Let l = c - 1556. Let d be l/10 + (-8)/(-20). Calculate the highest common divisor of 15 and d.
15
Let k(v) be the second derivative of -v**3/2 - v**2/2 + 3*v. Let u be k(-1). Suppose -225 = -3*o - u*o. Calculate the highest common factor of o and 5.
5
Let p(j) = 2*j + 9. Suppose 2*m + m = 18. Let q be p(m). What is the greatest common factor of 3 and q?
3
Let u(i) = -1 + 1 + 5 - 9*i. Let r be u(-5). Let g(m) = -m**3 - 14*m**2 + 20. Let v be g(-14). What is the greatest common divisor of v and r?
10
Suppose k + 5 = 6*k. Let u be (-1)/3 - 13/(-3). Calculate the greatest common factor of k and u.
1
Let t be (-1)/(-3 - -2) - (-4 + -23). What is the greatest common divisor of 196 and t?
28
Let d(y) = 2*y**2 + 3*y + 2. Let v be d(-6). Suppose 3*s = 2*s + 8. What is the highest common factor of s and v?
8
Let v = 42 - -30. Calculate the greatest common factor of v and 8.
8
Let n be (-2)/(-5) + (-746)/(-10). Suppose -33 - n = -3*t. What is the greatest common divisor of 9 and t?
9
Let u be (-3)/(5 - 2)*-2. Suppose 2*h + 11 = 5*i, 0 = u*h - h + i - 5. Suppose -3*b + h*b + 160 = 0. Calculate the greatest common factor of b and 20.
20
Suppose 5*s = 82 + 118. What is the highest common divisor of 10 and s?
10
Let a = 14 - 8. Calculate the highest common divisor of a and 6.
6
Let m(g) = g**3 + 3*g**2 - 4*g - 3. Let d be m(-3). Calculate the greatest common factor of 18 and d.
9
Let s be 0 - (-3 + 5 - 71). Suppose 0 = y - s + 6. Suppose t - 4*n + 14 - 37 = 0, 16 = 4*t + 3*n. What is the greatest common factor of t and y?
7
Suppose 12 = -s + 20. What is the greatest common factor of 8 and s?
8
Suppose 0 = 3*t - 325 - 377. Suppose 3*d + 78 = 6*d. What is the highest common divisor of d and t?
26
Let o be 753/18 + 4/24. What is the greatest common factor of 6 and o?
6
Let d = -298 - -421. Suppose 0 = -5*s - d + 318. Calculate the greatest common factor of 13 and s.
13
Let d(l) = -26*l**2 - 2*l + 1. Let u be d(1). Let x = u - -117. What is the greatest common factor of 36 and x?
18
Let n = -72 - -212. Calculate the greatest common divisor of n and 28.
28
Let g = 41 + -26. Let m(l) = 2*l - 4. Let q be m(7). Let h = 0 + q. Calculate the greatest common divisor of h and g.
5
Suppose -2*q - 7 = -q. Let g = q + 12. What is the greatest common divisor of g and 15?
5
Let v be 1926/15 + 4/(-10). Suppose -4*y - 178 = -2*a + 806, 0 = -3*y + 3*a - 738. Let d be 8/(-20) + y/(-15). What is the greatest common factor of v and d?
16
Suppose -3*h = -4 + 22. Let i = 10 + h. Let n be (-3)/((9/10)/(-3)). What is the highest common factor of n and i?
2
Let s = 173 - 83. Suppose 387 = 3*u + s. What is the greatest common divisor of u and 11?
11
Suppose -5*z + 250 = -155. Suppose -2*d - k + 36 = 2*d, 2*d = 3*k + 18. What is the greatest common factor of d and z?
9
Let a = 31 - 57. Suppose -5*t + 230 = 25. Let v = t + a. What is the highest common divisor of v and 60?
15
Suppose d - 8*d = -280. What is the highest common divisor of d and 1?
1
Let w(o) = -5*o. Let r be 1/(2 - (-2 - -3)). Let n be w(r). Let k(q) = -q**3 - 5*q**2 - 7*q - 5. Let t be k(n). Calculate the highest common divisor of t and 6.
6
Let h be (-2)/(2 - 280/135). What is the greatest common divisor of 3 and h?
3
Suppose 5*t = -2*a + 123, -4*t + 114 = -a + 26. Let f be (8 + 14)*(-46)/(-4). What is the highest common divisor of f and t?
23
Suppose -15 = -11*y + 6*y. What is the highest common divisor of 12 and y?
3
Let f = 13 - 13. Suppose f*a + 160 = 2*a. What is the highest common divisor of 8 and a?
8
Let w = 25 + 119. What is the greatest common factor of w and 18?
18
Let b = -32 + 228. Let o be (56/(-3))/(22/(-33)). What is the greatest common divisor of b and o?
28
Suppose -5*s - b + 2*b + 15 = 0, 0 = -5*s - 3*b + 15. Calculate the highest common factor of s and 6.
3
Let t = 24 + -16. Calculate the greatest common divisor of 16 and t.
8
Let g(s) = -s**3 - 3*s**2 - s + 1. Let k be g(-3). Let r be (k/(-6))/(6/9). Let b = 7 - r. What is the highest common factor of 56 and b?
8
Suppose 806 = 9*v + 77. What is the greatest common factor of 54 and v?
27
Let o(c) = 15*c**2 - 2*c - 4. Let u be o(-2). Calculate the greatest common factor of u and 20.
20
Suppose 4*p - 5 + 1 = 0, -3*p + 291 = 4*c. Let w = 27 + -9. Suppose -4*y = -2*y - w. Calculate the highest common factor of y and c.
9
Suppose -2*u + 4*c + 50 = 0, 2*u = -0*u - 3*c + 36. Let g = -13 + u. Let o be 22*1 - (-2)/(-1). Calculate the highest common factor of o and g.
4
Suppose -9*p + 24 = -p. What is the greatest common divisor of 39 and p?
3
Let z be 10/(-35)*(-81 - 3)/3. Calculate the highest common divisor of z and 24.
8
Suppose 2 = 4*t - 6. Suppose 3*v - 1 = 2. Let k be v/t + 34/4. What is the greatest common factor of k and 9?
9
Suppose -10*w + w = -117. Calculate the greatest common factor of w and 91.
13
Suppose 0 = 5*f + j - 5, 0 = -4*f - 3*j - j + 4. Calculate the highest common divisor of f and 3.
1
Let l(v) = v + 22. Let k be l(-10). Calculate the highest common factor of 48 and k.
12
Let d(y) = 15*y - 234. Let f be d(16). Let r be ((-6)/(-8))/((-2)/(-112)). Calculate the greatest common factor of f and r.
6
Let l = -10 + -14. Let p be (5/15)/((-1)/l). Calculate the greatest common divisor